{"id":15,"date":"2020-11-03T11:26:41","date_gmt":"2020-11-03T10:26:41","guid":{"rendered":"https:\/\/testsida.dk\/?page_id=15"},"modified":"2026-04-29T14:43:29","modified_gmt":"2026-04-29T12:43:29","slug":"utbildning-och-handledning","status":"publish","type":"page","link":"https:\/\/demo4.billigforetagshemsida.se\/?page_id=15","title":{"rendered":"Utbildning och Handledning"},"content":{"rendered":"\n<div>\n<div class=\"gb-element-8e8294eb\">\n<h2 class=\"wp-block-heading\">Utbildning med SocMed<\/h2>\n\n\n\n<p><p>Med v\u00e5ra olika kompetenser skr\u00e4ddarsyr vi g\u00e4rna f\u00f6rel\u00e4sningar och workshops f\u00f6r hela eller delar av arbetsgruppen. Vi kan hj\u00e4lpa er att \u00f6ka kunskapen inom olika omr\u00e5den samt ge konkreta tips som fr\u00e4mjar ett h\u00e5llbart arbetsliv.<\/p><p>Vi erbjuder handledning f\u00f6r chefer med fokus p\u00e5 sjukskrivning och rehabilitering. Att f\u00e5 konkreta tips och r\u00e5d samt f\u00e5 m\u00f6jligheten att dela erfarenheter med andra chefer breddar dina perspektiv och g\u00f6r dig tryggare i arbetet med dessa fr\u00e5gor.<\/p><\/p>\n<\/div>\n<\/div>\n","protected":false},"excerpt":{"rendered":"<p>Utbildning med SocMed Med v\u00e5ra olika kompetenser skr\u00e4ddarsyr vi g\u00e4rna f\u00f6rel\u00e4sningar och workshops f\u00f6r hela eller delar av arbetsgruppen. Vi kan hj\u00e4lpa er att \u00f6ka kunskapen inom olika omr\u00e5den samt ge konkreta tips som fr\u00e4mjar ett h\u00e5llbart arbetsliv. Vi erbjuder handledning f\u00f6r chefer med fokus p\u00e5 sjukskrivning och rehabilitering. Att f\u00e5 konkreta tips och r\u00e5d &#8230; <a title=\"Utbildning och Handledning\" class=\"read-more\" href=\"https:\/\/demo4.billigforetagshemsida.se\/?page_id=15\" aria-label=\"L\u00e4s mer om Utbildning och Handledning\">L\u00e4s mer<\/a><\/p>\n","protected":false},"author":1,"featured_media":14007,"parent":0,"menu_order":0,"comment_status":"closed","ping_status":"closed","template":"","meta":{"footnotes":""},"class_list":["post-15","page","type-page","status-publish","has-post-thumbnail"],"_links":{"self":[{"href":"https:\/\/demo4.billigforetagshemsida.se\/index.php?rest_route=\/wp\/v2\/pages\/15","targetHints":{"allow":["GET"]}}],"collection":[{"href":"https:\/\/demo4.billigforetagshemsida.se\/index.php?rest_route=\/wp\/v2\/pages"}],"about":[{"href":"https:\/\/demo4.billigforetagshemsida.se\/index.php?rest_route=\/wp\/v2\/types\/page"}],"author":[{"embeddable":true,"href":"https:\/\/demo4.billigforetagshemsida.se\/index.php?rest_route=\/wp\/v2\/users\/1"}],"replies":[{"embeddable":true,"href":"https:\/\/demo4.billigforetagshemsida.se\/index.php?rest_route=%2Fwp%2Fv2%2Fcomments&post=15"}],"version-history":[{"count":5,"href":"https:\/\/demo4.billigforetagshemsida.se\/index.php?rest_route=\/wp\/v2\/pages\/15\/revisions"}],"predecessor-version":[{"id":14252,"href":"https:\/\/demo4.billigforetagshemsida.se\/index.php?rest_route=\/wp\/v2\/pages\/15\/revisions\/14252"}],"wp:featuredmedia":[{"embeddable":true,"href":"https:\/\/demo4.billigforetagshemsida.se\/index.php?rest_route=\/wp\/v2\/media\/14007"}],"wp:attachment":[{"href":"https:\/\/demo4.billigforetagshemsida.se\/index.php?rest_route=%2Fwp%2Fv2%2Fmedia&parent=15"}],"curies":[{"name":"wp","href":"https:\/\/api.w.org\/{rel}","templated":true}]}}